nder when 110379870 is divided by 110379866.
4
Calculate the remainder when 54697139 is divided by 3418571.
3
What is the remainder when 76377 is divided by 133?
35
What is the remainder when 89970 is divided by 44966?
38
What is the remainder when 111900 is divided by 1693?
162
What is the remainder when 360902 is divided by 360107?
795
Calculate the remainder when 12610601 is divided by 3152646.
17
Calculate the remainder when 70771 is divided by 34637.
1497
Calculate the remainder when 604021 is divided by 9149.
187
What is the remainder when 6013425 is divided by 49?
47
What is the remainder when 33894 is divided by 15453?
2988
What is the remainder when 59777 is divided by 59383?
394
Calculate the remainder when 42564 is divided by 40881.
1683
What is the remainder when 687896266 is divided by 61?
59
Calculate the remainder when 108215 is divided by 34660.
4235
Calculate the remainder when 330894 is divided by 1795.
614
What is the remainder when 3054842 is divided by 202?
198
Calculate the remainder when 35274 is divided by 34680.
594
What is the remainder when 62357055 is divided by 5668823?
2
What is the remainder when 1542128 is divided by 286?
16
What is the remainder when 82037 is divided by 498?
365
Calculate the remainder when 155082 is divided by 7737.
342
Calculate the remainder when 9965758 is divided by 834.
292
Calculate the remainder when 124236091 is divided by 167.
115
Calculate the remainder when 705088 is divided by 425.
13
Calculate the remainder when 49241589 is divided by 49241555.
34
What is the remainder when 96862 is divided by 313?
145
Calculate the remainder when 5421195 is divided by 200784.
27
Calculate the remainder when 75251 is divided by 75243.
8
What is the remainder when 5415186 is divided by 443?
397
What is the remainder when 4223356 is divided by 1055751?
352
Calculate the remainder when 22845261 is divided by 163.
159
What is the remainder when 2315732 is divided by 199?
168
What is the remainder when 122763 is divided by 1444?
23
What is the remainder when 2381350 is divided by 594?
4
What is the remainder when 43681 is divided by 14297?
790
Calculate the remainder when 164785 is divided by 6736.
3121
What is the remainder when 116350 is divided by 5876?
4706
What is the remainder when 3044354 is divided by 7806?
14
Calculate the remainder when 33073 is divided by 16162.
749
Calculate the remainder when 1722201 is divided by 343722.
3591
What is the remainder when 3916106 is divided by 16?
10
Calculate the remainder when 234309385 is divided by 3970.
3955
What is the remainder when 79898 is divided by 1330?
98
What is the remainder when 849226 is divided by 923?
66
What is the remainder when 217485 is divided by 208?
125
Calculate the remainder when 504742 is divided by 100936.
62
What is the remainder when 18538514 is divided by 455?
449
Calculate the remainder when 18741223 is divided by 4685304.
7
Calculate the remainder when 101303 is divided by 363.
26
Calculate the remainder when 9321168 is divided by 393.
387
Calculate the remainder when 1426836 is divided by 13080.
1116
Calculate the remainder when 9180872 is divided by 76.
72
What is the remainder when 27589939 is divided by 1198?
1197
Calculate the remainder when 42359255 is divided by 88.
15
What is the remainder when 1123923 is divided by 545?
133
Calculate the remainder when 257085117 is divided by 32.
29
Calculate the remainder when 1996750 is divided by 4967.
16
Calculate the remainder when 26448575 is divided by 264.
263
Calculate the remainder when 6026912 is divided by 1506726.
8
What is the remainder when 2132295 is divided by 50?
45
Calculate the remainder when 6655650 is divided by 950792.
106
What is the remainder when 170902 is divided by 170831?
71
Calculate the remainder when 37504 is divided by 37434.
70
What is the remainder when 358649 is divided by 37?
8
What is the remainder when 376118 is divided by 15611?
1454
Calculate the remainder when 316989948 is divided by 64.
60
What is the remainder when 183041542 is divided by 28?
26
What is the remainder when 11313815 is divided by 211?
206
What is the remainder when 1344610 is divided by 22?
14
Calculate the remainder when 63558841 is divided by 357072.
25
What is the remainder when 19831454 is divided by 32?
30
Calculate the remainder when 79402 is divided by 39697.
8
What is the remainder when 415936 is divided by 59?
45
What is the remainder when 1095261 is divided by 17663?
155
Calculate the remainder when 6162515 is divided by 71.
70
Calculate the remainder when 39247 is divided by 1132.
759
Calculate the remainder when 3012278 is divided by 15368.
150
What is the remainder when 1444485 is divided by 163?
142
Calculate the remainder when 7084690 is divided by 1834.
1782
What is the remainder when 5700810 is divided by 15?
0
Calculate the remainder when 12659 is divided by 151.
126
What is the remainder when 10720263 is divided by 3?
0
What is the remainder when 946604 is divided by 78882?
20
Calculate the remainder when 43630297 is divided by 639.
16
Calculate the remainder when 8546526 is divided by 1424408.
78
Calculate the remainder when 22995 is divided by 3884.
3575
What is the remainder when 341984 is divided by 11787?
161
Calculate the remainder when 6126458 is divided by 1211.
9
Calculate the remainder when 5194113 is divided by 9548.
1
Calculate the remainder when 20970296 is divided by 95.
91
What is the remainder when 13081573 is divided by 6540780?
13
What is the remainder when 2726445 is divided by 545289?
0
What is the remainder when 11601093 is divided by 988?
985
Calculate the remainder when 83296846 is divided by 6.
4
What is the remainder when 45867 is divided by 522?
453
Calculate the remainder when 1282484 is divided by 42.
14
Calculate the remainder when 180210369 is divided by 60070119.
12
Calculate the remainder when 102163496 is divided by 6976.
6952
Calculate the remainder when 1495919 is divided by 249307.
77
Calculate the remainder when 3942916 is divided by 107.
73
What is the remainder when 109307 is divided by 2578?
1031
Calculate the remainder when 37478 is divided by 2201.
61
What is the remainder when 639648 is divided by 91190?
1318
What is the remainder when 611979 is divided by 258?
3
What is the remainder when 27460149 is divided by 163?
28
What is the remainder when 30498 is divided by 14932?
634
Calculate the remainder when 2645135 is divided by 101.
46
Calculate the remainder when 208006007 is divided by 10.
7
Calculate the remainder when 34926638 is divided by 24.
14
What is the remainder when 776694 is divided by 1895?
1639
What is the remainder when 1161006 is divided by 1919?
11
What is the remainder when 8023569 is divided by 20?
9
What is the remainder when 155326 is divided by 9326?
6110
Calculate the remainder when 107579 is divided by 1875.
704
Calculate the remainder when 100688 is divided by 5297.
45
What is the remainder when 429950 is divided by 85692?
1490
Calculate the remainder when 1325859 is divided by 1161.
1158
Calculate the remainder when 83506291 is divided by 6760.
11
What is the remainder when 137861 is divided by 1219?
114
Calculate the remainder when 29572083 is divided by 384053.
2
What is the remainder when 1644006 is divided by 18681?
78
Calculate the remainder when 3586628 is divided by 398510.
38
What is the remainder when 239421077 is divided by 119710537?
3
What is the remainder when 1458469918 is divided by 3112?
3110
Calculate the remainder when 787713 is divided by 447.
99
What is the remainder when 350831 is divided by 8573?
7911
What is the remainder when 140252376 is divided by 35063094?
0
What is the remainder when 436961 is divided by 715?
96
Calculate the remainder when 688823 is divided by 229526.
245
What is the remainder when 4517357 is divided by 26?
13
What is the remainder when 5790288 is divided by 5790275?
13
Calculate the remainder when 722595 is divided by 722591.
4
Calculate the remainder when 4962536 is divided by 227.
89
What is the remainder when 1302914458 is divided by 11157?
11155
What is the remainder when 2506668 is divided by 3247?
3231
Calculate the remainder when 52362 is divided by 10316.
782
Calculate the remainder when 302470 is divided by 335.
300
What is the